 4*f**2 + 4*f - 7. Give s(t).
-2
Suppose 18 + 7 = -5*o. Let v(u) = -7*u**3 - 6*u**2 + 36*u. Let g(n) = n**3 - 7*n. Let y(k) = -6*g(k) - v(k). What is y(o)?
-5
Let r be (-3)/(-9) + 1/(-3). Let h(z) = -1 + 3*z - 4*z + 0*z + r. Calculate h(0).
-1
Let z(r) be the second derivative of r**5/10 + r**4/4 + r**3/2 + 2*r**2 + 7*r + 1. Determine z(-2).
-6
Let u(d) = d**3 + 2*d**2 - 2*d - 2. Let t be u(-2). Let z(i) = 4*i - 2*i**2 - 3*i + 2*i + 0*i. Give z(t).
-2
Let p(c) = c**2 - 22*c + 76. Let q be p(18). Let s(k) = 3*k**2 - 6*k + 3. Give s(q).
27
Let w = -1498 + 1496. Let d(m) = 3*m**2 + 3*m + 2. Determine d(w).
8
Let j(s) = s + 3. Suppose 160 - 43 = 13*l. Calculate j(l).
12
Let g(o) = -o - 1. Let j(k) = -9*k + k - 2 - 1. Let t(d) = -3*g(d) + j(d). Let p be -1 + 4 + (-8)/2. What is t(p)?
5
Let y(x) be the third derivative of x**4/24 - x**3/3 + 18*x**2. Determine y(4).
2
Let p(i) = -i**2 - 8*i - 6. Let u be (-4)/(-8)*-3*12. Let o be (2/(-4)*u)/1. Suppose 4*g = -15 - o. Determine p(g).
6
Let i(r) = 0 + 0 + r. Let m = -29 + 22. What is i(m)?
-7
Suppose -3 + 8 = -5*a. Let o(r) be the third derivative of -r**6/40 - 3785*r**2. Determine o(a).
3
Let z(l) = l**2 + 6*l - 18. Suppose 20 = -2*d - 2*q, 5*d + 0*q - 3*q + 42 = 0. Calculate z(d).
9
Let s(j) = 9*j**3 + 4*j**2 + 11*j - 2. Let v(w) = 11*w**3 + 3*w**2 + 12*w - 3. Let k(i) = 5*s(i) - 4*v(i). Give k(-7).
2
Let r = -2407 + 2412. Let y(f) = -f**2 + 11*f - 17. Calculate y(r).
13
Let q(k) = 295*k - 4*k**2 - 19 - 311*k + 3*k**2. Calculate q(-15).
-4
Let l = 5 + -1. Let o(i) = -i - 2. Let x(j) = -j - 5. Let w(c) = 3*o(c) - 2*x(c). Calculate w(l).
0
Let p(t) be the second derivative of 0 - 3*t**2 - 1/20*t**5 - 9*t - 1/6*t**3 + 0*t**4. Determine p(0).
-6
Suppose 4 = 3*k - 2*k. Let t(s) be the third derivative of -8 - 1/4*s**4 + 1/2*s**3 + 0*s + 1/120*s**6 - 1/20*s**5 - s**2. Determine t(k).
-5
Let f be 5 + (0 - 0 - 2). Let q be (1 - f/2)/((-59)/944). Let p(t) = -t**3 + 9*t**2 - 5*t - 11. Give p(q).
13
Let z(q) = 2*q - 10. Let c = -37 - -17. Let o = -49 - c. Let r = -22 - o. What is z(r)?
4
Let w(f) be the first derivative of -f**6/360 + f**5/120 + f**4/6 - 13*f**3/3 + 1. Let k(b) be the third derivative of w(b). What is k(4)?
-8
Let y = 10 - 4. Let u(k) be the second derivative of k**5/20 - k**4/2 - k**2/2 + 10*k + 1. What is u(y)?
-1
Let r be 3/(-12)*8/2. Let z = -31 + 22. Let h be 5 + z - (-3 + r). Let k(x) = x - 13. Give k(h).
-13
Let c(l) = 3*l**3 + 8*l**2 + 3*l. Let r(w) = -w**3 - w + 1. Let t(o) = c(o) + 4*r(o). Suppose 5*s - j = 64 - 23, 0 = 4*s + 8*j - 24. Give t(s).
-4
Let b(l) be the first derivative of 3*l**2 - 9 + 4/3*l**3 - 1/4*l**4 - 5*l. Determine b(5).
0
Let k = 10 + -14. Let a(u) be the first derivative of u**5/20 + 5*u**4/12 + u**3 + 2*u**2 + 4*u + 4. Let x(p) be the first derivative of a(p). What is x(k)?
-4
Let f(l) be the second derivative of 0 + 0*l**3 + 0*l**5 + 12*l - 1/4*l**4 + 0*l**2 - 1/360*l**6. Let n(q) be the third derivative of f(q). Calculate n(-2).
4
Let c(y) = 10*y - 1. Let v be 10 - 7 - (-14)/(-2). Let o = 5 + v. Calculate c(o).
9
Let b(l) = l**2 + 5*l - 3. Let g be b(-6). Let h(m) = -5*m**g + 8*m**3 + 7*m - 5*m**2 + 6 - 4*m**3. Calculate h(-6).
0
Let a(v) be the third derivative of -1/2*v**3 + 0*v + 1/60*v**5 - 2*v**2 + 0 + 5/24*v**4. Suppose 2*d - 21 = 3*i - 2, -6*d = -3*i - 27. Give a(i).
-3
Let o(j) be the first derivative of 0*j**2 - 1/6*j**4 + 11 - 1/30*j**5 + 3*j**3 + 0*j. Let k(n) be the third derivative of o(n). Determine k(-4).
12
Let r(g) be the first derivative of 7*g**2/2 + g - 76. What is r(1)?
8
Let c be -2*(9/15 - 21/(-15)). Let s(y) = 8*y + 6. What is s(c)?
-26
Suppose 0 = 5*k - 3*k + 64. Let h be (4/6)/(k/(-144)). Let z(p) be the third derivative of -p**6/120 + p**5/30 + p**4/24 - p**2. What is z(h)?
-6
Let x(p) be the second derivative of -p**5/20 + p**4/4 - p**3/6 - 2*p**2 - 2*p - 22. Let r = -8 + 11. Calculate x(r).
-7
Let c = -1947 + 1952. Let m(v) = -3*v**2 + 6*v - 3. What is m(c)?
-48
Let a(y) = -y**3 - 6*y**2 - 7*y - 5. Let z = -51 + 87. Let n be 3*3*(-16)/z. Give a(n).
-9
Let j = 14 - 10. Suppose 18 = j*p - 2. Let k(q) = 0*q**2 + 3*q**3 - 4*q**3 - 6*q + 6*q**2 - 7. Calculate k(p).
-12
Let k(i) = -12*i**2 - i. Let z = -85 - -84. Calculate k(z).
-11
Let u(o) = -o - 7. Let h be 2*((-42)/7 + (-2 - -4)). Let r be (-2 + 20/8)*h. Calculate u(r).
-3
Suppose -5*a + 2*c + 2*c + 36 = 0, -5*a - c = -16. Let n(i) = -16*i**2. Let u(v) = -175*v**2 - 4*v - 4. Let b(h) = -11*n(h) + u(h). Give b(a).
-4
Let v(i) = -i - 2. Let l be 4/(-10) - (-24)/10. Let j(x) = -19*x + 6*x + l + x**2 + 14. Let y be j(11). Give v(y).
4
Let b(v) = -4*v**2 - 5*v - 6. Suppose 3*u + 12 = 2*q, 3*q + q = 3*u + 18. Let a(c) = -c**2 - c - 1. Let s(d) = q*a(d) - b(d). What is s(-2)?
3
Suppose 4*i = -3*c + 11, -3*i = -10*c + 5*c + 28. Let m(a) = 12*a**2. What is m(i)?
12
Suppose d + 7 = -1. Let n(i) be the first derivative of -i**2 - 10*i - 344. What is n(d)?
6
Let u(m) be the second derivative of 5/6*m**4 + 0*m**2 - 2 - 2*m - 1/6*m**3. Determine u(-1).
11
Suppose 14*c + 88 = -10. Let a(w) = 3*w + 5. Give a(c).
-16
Let o(n) = 5*n**2 - 2*n + 2. Suppose 50*i = 51*i - 3*s - 14, 4*i + 3*s + 4 = 0. Calculate o(i).
18
Suppose -3*f - 2*f = 25. Let j = -16 - -18. Let l(n) = 5*n - 24*n**2 + 16*n**2 + 9*n**j + 6. Give l(f).
6
Let f be (-234 - -182)*(1/2)/1. Let u(i) = 2*i**2 + 51*i - 31. Give u(f).
-5
Let u(c) = c**3 - 3*c**2 - 3*c - 5. Let m be (-4)/20 - (-32)/10. Let a(r) = -r**2 + 3 - 4*r + 1 + 7*r. Let g be a(m). Calculate u(g).
-1
Let a(m) be the first derivative of 7*m**2/2 + m + 2. Suppose -2*v - 2*v = 40. Let r be (v/4 - -3)*2. What is a(r)?
8
Let v(o) = 8*o - 2. Let x(c) = -6 - 10 - 1 + 0 - c. Let u be x(-19). What is v(u)?
14
Let u(c) = -4*c**3 + 12*c**2 + 2*c + 9. Let w(l) = l**3 - 2*l**2 - l - 1. Let s(r) = u(r) + 5*w(r). Calculate s(-3).
4
Let i(q) be the first derivative of -1/3*q**3 + 14 - 5*q - 5/2*q**2. Give i(-4).
-1
Let a(s) = s**3 + s**2 + 14. Let d be (0*2/(-14))/(0 - 1). What is a(d)?
14
Let d(f) = f - 1. Let i(p) = p**2 + 3*p - 32. Let b be i(-7). What is d(b)?
-5
Let r = 13 - 12. Let f = r - -3. Suppose 4*l - f*p + 8 = 0, 0*l - p = 2*l + 16. Let a(t) = 2*t + 9. Give a(l).
-3
Let r(u) be the first derivative of 4*u**2 + 2*u + 128. Give r(-2).
-14
Let q(w) be the first derivative of w**7/840 - w**6/60 - w**5/20 - 7*w**4/24 - 10*w**3 + 15. Let i(r) be the third derivative of q(r). Calculate i(7).
0
Let z(i) = -i**2. Let h = -100 - -106. Let w(g) = -5*g**2 - 12*g + 15. Let m(n) = h*z(n) - w(n). Determine m(10).
5
Let s(n) = -2*n**3 + 6*n**2 - 4*n + 4. Let p be s(3). Let j = -4 - p. Let z(o) = -2*o. Determine z(j).
-8
Let w(o) = -17*o + 33. Let r be w(2). Let k be 14/35 + 13/5. Let b(d) = 2*d - d**2 - 2*d - 4*d**k + 3*d**3 + d + 1. Give b(r).
0
Let i(b) be the first derivative of 35 + b - 1/2*b**2. Calculate i(3).
-2
Suppose -20*y + 24*y = 12. Suppose 2*m + 2*m + 12 = 0. Let x = y - m. Let b(z) = z**2 - 7*z + 7. What is b(x)?
1
Let a(z) = -z**3 - 2 + 31*z**2 + z - 2 - 62*z**2 + 34*z**2. What is a(-2)?
14
Let o(g) = -9*g**2 - 12*g - 6. Let r(w) = 5*w**2 + 6*w + 3. Let j(p) = -4*o(p) - 7*r(p). Calculate j(-6).
3
Suppose -u + 2*g + 4 = 0, 707*u + 2*g = 712*u + 12. Let w(s) = -s**3 + 2*s + 3. Calculate w(u).
59
Let z(m) be the first derivative of -m**4/4 - 8*m**3/3 - 9*m**2/2 - 11*m + 159. Determine z(-7).
3
Let d(b) = b**3 + 3*b**2 - b - 3. Let s = -14 + 16. Let w(g) = -g**s + g + g + 0*g - g + 1. Let v(m) = -d(m) - 2*w(m). Give v(0).
1
Let p(t) = t + 2. Let a(b) = 13*b**3 - 2*b**2 - 2*b - 1. Let f be a(-1). Let i be f/(-4) + 2/4. Suppose -w - 3*w + 8 = 5*y, -i*w + 8 = -2*y. Determine p(w).
4
Let q(z) be the first derivative of -z**3/3 + 4*z + 1811. Let m(n) = 2*n**2 - 4*n. Let t be m(3). Let r = 9 - t. Give q(r).
-5
Let p be 2/10 + (-10)/50. Let x(q) = 0 - 1 + 0 + q + p. Determine x(3).
2
Suppose -57*m + 4*x + 6 = -59*m, 0 = -3*m + 2*x + 23. Let o(r) = r**3 - 4*r**2 - 3*r - 10. What is o(m)?
0
Let y be 3/(-2)*12/9. Let q be (1/y + 1)*-6. Let t be (3/(-1))/q + 2. Let c(z) = z**3 - 3*z**2 + 2*z - 2. What is c(t)?
4
Let h(s) = s**2 - 5*s. Let k be h(5). Let p(t) = -t + 0*t + k*t. Let j be 15/20*1*432/81. Determine p(j).
-4
Let r(w) be the second derivative of -w**4/12 - 2*w**3/3 + 2*w**2 - w